{"id":210,"date":"2025-06-02T18:13:37","date_gmt":"2025-06-02T16:13:37","guid":{"rendered":"https:\/\/prosecuciones.faeusach.cl\/?page_id=210"},"modified":"2026-04-16T05:21:29","modified_gmt":"2026-04-16T03:21:29","slug":"administracion-publica","status":"publish","type":"page","link":"https:\/\/prosecuciones.faeusach.cl\/index.php\/administracion-publica\/","title":{"rendered":"Administraci\u00f3n P\u00fablica"},"content":{"rendered":"<p>[et_pb_section fb_built=\u00bb1&#8243; _builder_version=\u00bb4.27.4&#8243; _module_preset=\u00bbdefault\u00bb background_image=\u00bbhttps:\/\/prosecuciones.faeusach.cl\/wp-content\/uploads\/2025\/09\/opcion-fondo.jpg\u00bb global_colors_info=\u00bb{}\u00bb][et_pb_row column_structure=\u00bb1_2,1_2&#8243; _builder_version=\u00bb4.27.4&#8243; _module_preset=\u00bbdefault\u00bb custom_margin=\u00bb||||false|false\u00bb global_colors_info=\u00bb{}\u00bb][et_pb_column type=\u00bb1_2&#8243; _builder_version=\u00bb4.27.4&#8243; _module_preset=\u00bbdefault\u00bb global_colors_info=\u00bb{}\u00bb][et_pb_text _builder_version=\u00bb4.27.4&#8243; _module_preset=\u00bbdefault\u00bb text_text_color=\u00bb#FFFFFF\u00bb header_text_align=\u00bbleft\u00bb header_text_color=\u00bb#FFFFFF\u00bb header_2_text_color=\u00bb#FFFFFF\u00bb header_3_text_color=\u00bb#FFFFFF\u00bb text_orientation=\u00bbjustified\u00bb custom_css_free_form=\u00bb.semestre {||  display:flex;||  background:#EC8327;||  border-radius: 100px;||  justify-content:center;||  height:35px;||  width:220px;||  margin: 15px 0px 30px 0px;||  padding-top:5px;||}\u00bb global_colors_info=\u00bb{}\u00bb]<\/p>\n<h3><span style=\"text-decoration: underline;\">Prosecuci\u00f3n de estudios FAE USACH<\/span><\/h3>\n<p><span style=\"text-decoration: underline;\"><\/span><\/p>\n<h1><strong>ADMINISTRACI\u00d3N P\u00daBLICA<\/strong><\/h1>\n<p class=\"semestre\" style=\"text-align: center;\">1\u00b0 Semestre 2027<\/p>\n<hr \/>\n<h2><strong><\/strong><\/h2>\n<h2><strong>Prosecuci\u00f3n de Estudios<\/strong><\/h2>\n<p>La carrera de Administraci\u00f3n P\u00fablica se centra en el dise\u00f1o, implementaci\u00f3n y evaluaci\u00f3n de pol\u00edticas y programas p\u00fablicos.<\/p>\n<ul>\n<li><strong>Habilidades:<\/strong> Soluci\u00f3n de problemas sociales, liderazgo, facilidad para trabajar en equipo, t\u00e9cnicas b\u00e1sicas de investigaci\u00f3n y gesti\u00f3n efectiva y eficiente de los recursos p\u00fablicos.<\/li>\n<li><strong>Campo laboral:<\/strong> Servicios p\u00fablicos de nivel nacional y descentralizado, municipios, servicio exterior, instituciones p\u00fablicas, organismos del tercer sector y organizaciones privadas que presten servicios de inter\u00e9s p\u00fablico. Asesor\u00eda o consultor\u00eda en la toma de decisiones pol\u00edticas e inclusive trabajar en pedagog\u00eda de instituciones p\u00fablicas y privadas.<\/li>\n<\/ul>\n<h2><strong>Requisitos de Ingreso<\/strong><\/h2>\n<p>Personas que presenten una de las siguientes condiciones:<\/p>\n<ul>\n<li>T\u00edtulo T\u00e9cnico en \u00e1reas afines, equivalentes a una formaci\u00f3n de 1600 horas.<\/li>\n<li>Estudios profesionales con estudios incompletos equivalentes a 150 SCT.<\/li>\n<li>T\u00edtulo profesional con o sin Licenciatura de al menos 180 SCT<\/li>\n<\/ul>\n<p>En el caso de personas que presenten t\u00edtulo profesional en \u00e1reas disciplinares afines a la de la carrera, el comit\u00e9 de carrera evaluar\u00e1 la pertinencia de la convalidaci\u00f3n de asignaturas en caso de que su equivalencia con el presente plan pueda ser corroborada.<\/p>\n<p>[\/et_pb_text][et_pb_code _builder_version=\u00bb4.27.4&#8243; _module_preset=\u00bbdefault\u00bb global_colors_info=\u00bb{}\u00bb]<\/p>\n<div id=\"nombre-carrera\" style=\"display:none;\">Administraci\u00f3n P\u00fablica<\/div>\n<p>[\/et_pb_code][\/et_pb_column][et_pb_column type=\u00bb1_2&#8243; _builder_version=\u00bb4.27.4&#8243; _module_preset=\u00bbdefault\u00bb global_colors_info=\u00bb{}\u00bb][et_pb_code _builder_version=\u00bb4.27.4&#8243; _module_preset=\u00bbdefault\u00bb custom_margin=\u00bb|0px|||false|false\u00bb custom_css_free_form=\u00bb.title-form {||  text-align:center;||  background:rgb(57,64,73);||  color: white;||  border-radius: 20px 20px 0px 0px;||  padding: 12px;||}\u00bb global_colors_info=\u00bb{}\u00bb]<script src=\"https:\/\/js.hsforms.net\/forms\/embed\/5395956.js\" defer><\/script><!-- [et_pb_line_break_holder] --><\/p>\n<div class=\"hs-form-frame\" data-region=\"na1\" data-form-id=\"8906372d-c40a-4d2b-9814-e2c90576a51c\" data-portal-id=\"5395956\"><\/div>\n<p>[\/et_pb_code][et_pb_text _builder_version=\u00bb4.27.4&#8243; _module_preset=\u00bbdefault\u00bb header_3_text_align=\u00bbcenter\u00bb header_3_text_color=\u00bb#FFFFFF\u00bb text_orientation=\u00bbcenter\u00bb custom_padding=\u00bb10px|10px|10px|10px|false|false\u00bb link_option_url=\u00bbhttps:\/\/web.whatsapp.com\/send?phone=56982306793&#8243; link_option_url_new_window=\u00bbon\u00bb border_radii=\u00bbon|10px|10px|10px|10px\u00bb border_width_all=\u00bb1px\u00bb border_color_all=\u00bb#FFFFFF\u00bb global_colors_info=\u00bb{}\u00bb]<\/p>\n<p><img loading=\"lazy\" decoding=\"async\" src=\"https:\/\/prosecuciones.faeusach.cl\/wp-content\/uploads\/2025\/06\/whatsapp-brands.svg\" width=\"56\" height=\"64\" alt=\"\" class=\"wp-image-197 alignnone size-medium\" \/><\/p>\n<h3>\u00a1Tambi\u00e9n puedes escribirnos un mensaje!<\/h3>\n<h3><strong><span style=\"text-decoration: underline;\">Haz click aqu\u00ed<\/span><\/strong><\/h3>\n<p>[\/et_pb_text][\/et_pb_column][\/et_pb_row][et_pb_row _builder_version=\u00bb4.27.4&#8243; _module_preset=\u00bbdefault\u00bb global_colors_info=\u00bb{}\u00bb][et_pb_column type=\u00bb4_4&#8243; _builder_version=\u00bb4.27.4&#8243; _module_preset=\u00bbdefault\u00bb global_colors_info=\u00bb{}\u00bb][et_pb_text _builder_version=\u00bb4.27.4&#8243; _module_preset=\u00bbdefault\u00bb header_2_text_align=\u00bbcenter\u00bb header_2_text_color=\u00bb#FFFFFF\u00bb header_2_font_size=\u00bb30px\u00bb global_colors_info=\u00bb{}\u00bb]<\/p>\n<hr \/>\n<h2><strong><\/strong><\/h2>\n<h2><strong>Conoce todas nuestras Prosecuciones<\/strong><\/h2>\n<p>[\/et_pb_text][\/et_pb_column][\/et_pb_row][et_pb_row column_structure=\u00bb1_3,1_3,1_3&#8243; _builder_version=\u00bb4.27.4&#8243; _module_preset=\u00bbdefault\u00bb global_colors_info=\u00bb{}\u00bb][et_pb_column type=\u00bb1_3&#8243; _builder_version=\u00bb4.27.4&#8243; _module_preset=\u00bbdefault\u00bb global_colors_info=\u00bb{}\u00bb][et_pb_button button_url=\u00bb@ET-DC@eyJkeW5hbWljIjp0cnVlLCJjb250ZW50IjoicG9zdF9saW5rX3VybF9wYWdlIiwic2V0dGluZ3MiOnsicG9zdF9pZCI6IjIyNSJ9fQ==@\u00bb button_text=\u00bbIngenier\u00eda Comercial en Administraci\u00f3n de Empresas\u00bb button_alignment=\u00bbcenter\u00bb module_class=\u00bbmi-boton-centrado\u00bb _builder_version=\u00bb4.27.4&#8243; _dynamic_attributes=\u00bbbutton_url\u00bb _module_preset=\u00bbdefault\u00bb custom_button=\u00bbon\u00bb button_text_size=\u00bb20px\u00bb button_text_color=\u00bb#FFFFFF\u00bb button_bg_color=\u00bb#EA7600&#8243; button_border_width=\u00bb0px\u00bb button_border_color=\u00bb#ea841e\u00bb button_border_radius=\u00bb5px\u00bb button_use_icon=\u00bboff\u00bb background_layout=\u00bbdark\u00bb custom_margin=\u00bb5px|5px|5px|5px|false|false\u00bb custom_padding=\u00bb15px|15px|15px|15px|false|false\u00bb button_border_color_tablet=\u00bb#ea841e\u00bb button_border_color_phone=\u00bb#ea841e\u00bb button_border_color_last_edited=\u00bbon|desktop\u00bb custom_css_free_form=\u00bb||selector {||  display: flex !important;||  justify-content: center !important;||  align-items: center !important;||  height:100px; ||}\u00bb global_colors_info=\u00bb{}\u00bb button_text_color__hover=\u00bb#FFFFFF\u00bb button_text_color__hover_enabled=\u00bbon|hover\u00bb button_bg_color__hover=\u00bb#9e5900&#8243; button_bg_color__hover_enabled=\u00bbon|hover\u00bb button_border_color__hover=\u00bb#EA7600&#8243; button_border_color__hover_enabled=\u00bbon|hover\u00bb][\/et_pb_button][\/et_pb_column][et_pb_column type=\u00bb1_3&#8243; _builder_version=\u00bb4.27.4&#8243; _module_preset=\u00bbdefault\u00bb global_colors_info=\u00bb{}\u00bb][et_pb_button button_url=\u00bb@ET-DC@eyJkeW5hbWljIjp0cnVlLCJjb250ZW50IjoicG9zdF9saW5rX3VybF9wYWdlIiwic2V0dGluZ3MiOnsicG9zdF9pZCI6IjEyNCJ9fQ==@\u00bb button_text=\u00bbContador P\u00fablico y Auditor\u00bb button_alignment=\u00bbcenter\u00bb module_class=\u00bbmi-boton-centrado\u00bb _builder_version=\u00bb4.27.4&#8243; _dynamic_attributes=\u00bbbutton_url\u00bb _module_preset=\u00bbdefault\u00bb custom_button=\u00bbon\u00bb button_text_size=\u00bb20px\u00bb button_text_color=\u00bb#FFFFFF\u00bb button_bg_color=\u00bb#EA7600&#8243; button_border_width=\u00bb0px\u00bb button_border_color=\u00bb#ea841e\u00bb button_border_radius=\u00bb5px\u00bb button_use_icon=\u00bboff\u00bb background_layout=\u00bbdark\u00bb custom_margin=\u00bb5px|5px|5px|5px|false|false\u00bb custom_padding=\u00bb15px|15px|15px|15px|false|false\u00bb button_border_color_tablet=\u00bb#ea841e\u00bb button_border_color_phone=\u00bb#ea841e\u00bb button_border_color_last_edited=\u00bbon|desktop\u00bb custom_css_free_form=\u00bb||selector {||  display: flex !important;||  justify-content: center !important;||  align-items: center !important;||  height:100px; ||}\u00bb global_colors_info=\u00bb{}\u00bb button_border_color__hover_enabled=\u00bbon|hover\u00bb button_border_color__hover=\u00bb#EA7600&#8243; button_bg_color__hover_enabled=\u00bbon|hover\u00bb button_bg_color__hover=\u00bb#9e5900&#8243; button_bg_enable_color__hover=\u00bbon\u00bb button_text_color__hover_enabled=\u00bbon|hover\u00bb button_text_color__hover=\u00bb#FFFFFF\u00bb][\/et_pb_button][\/et_pb_column][et_pb_column type=\u00bb1_3&#8243; _builder_version=\u00bb4.27.4&#8243; _module_preset=\u00bbdefault\u00bb global_colors_info=\u00bb{}\u00bb][et_pb_button button_url=\u00bb@ET-DC@eyJkeW5hbWljIjp0cnVlLCJjb250ZW50IjoicG9zdF9saW5rX3VybF9wYWdlIiwic2V0dGluZ3MiOnsicG9zdF9pZCI6IjIxOSJ9fQ==@\u00bb button_text=\u00bbIngenier\u00eda Comercial en Econom\u00eda\u00bb button_alignment=\u00bbcenter\u00bb module_class=\u00bbmi-boton-centrado\u00bb _builder_version=\u00bb4.27.4&#8243; _dynamic_attributes=\u00bbbutton_url\u00bb _module_preset=\u00bbdefault\u00bb custom_button=\u00bbon\u00bb button_text_size=\u00bb20px\u00bb button_text_color=\u00bb#FFFFFF\u00bb button_bg_color=\u00bb#EA7600&#8243; button_border_width=\u00bb0px\u00bb button_border_color=\u00bb#ea841e\u00bb button_border_radius=\u00bb5px\u00bb button_use_icon=\u00bboff\u00bb background_layout=\u00bbdark\u00bb custom_margin=\u00bb5px|5px|5px|5px|false|false\u00bb custom_padding=\u00bb15px|15px|15px|15px|false|false\u00bb button_border_color_tablet=\u00bb#ea841e\u00bb button_border_color_phone=\u00bb#ea841e\u00bb button_border_color_last_edited=\u00bbon|desktop\u00bb custom_css_free_form=\u00bb||selector {||  display: flex !important;||  justify-content: center !important;||  align-items: center !important;||  height:100px; ||}\u00bb global_colors_info=\u00bb{}\u00bb button_text_color__hover=\u00bb#FFFFFF\u00bb button_text_color__hover_enabled=\u00bbon|hover\u00bb button_bg_color__hover=\u00bb#9e5900&#8243; button_bg_color__hover_enabled=\u00bbon|hover\u00bb button_border_color__hover=\u00bb#EA7600&#8243; button_border_color__hover_enabled=\u00bbon|hover\u00bb][\/et_pb_button][\/et_pb_column][\/et_pb_row][\/et_pb_section]<\/p>\n","protected":false},"excerpt":{"rendered":"<p>Prosecuci\u00f3n de estudios FAE USACH ADMINISTRACI\u00d3N P\u00daBLICA 1\u00b0 Semestre 2027 Prosecuci\u00f3n de Estudios La carrera de Administraci\u00f3n P\u00fablica se centra en el dise\u00f1o, implementaci\u00f3n y evaluaci\u00f3n de pol\u00edticas y programas p\u00fablicos. Habilidades: Soluci\u00f3n de problemas sociales, liderazgo, facilidad para trabajar en equipo, t\u00e9cnicas b\u00e1sicas de investigaci\u00f3n y gesti\u00f3n efectiva y eficiente de los recursos p\u00fablicos. [&hellip;]<\/p>\n","protected":false},"author":1,"featured_media":0,"parent":0,"menu_order":0,"comment_status":"closed","ping_status":"closed","template":"","meta":{"_et_pb_use_builder":"on","_et_pb_old_content":"","_et_gb_content_width":"","footnotes":""},"class_list":["post-210","page","type-page","status-publish","hentry"],"_links":{"self":[{"href":"https:\/\/prosecuciones.faeusach.cl\/index.php\/wp-json\/wp\/v2\/pages\/210","targetHints":{"allow":["GET"]}}],"collection":[{"href":"https:\/\/prosecuciones.faeusach.cl\/index.php\/wp-json\/wp\/v2\/pages"}],"about":[{"href":"https:\/\/prosecuciones.faeusach.cl\/index.php\/wp-json\/wp\/v2\/types\/page"}],"author":[{"embeddable":true,"href":"https:\/\/prosecuciones.faeusach.cl\/index.php\/wp-json\/wp\/v2\/users\/1"}],"replies":[{"embeddable":true,"href":"https:\/\/prosecuciones.faeusach.cl\/index.php\/wp-json\/wp\/v2\/comments?post=210"}],"version-history":[{"count":30,"href":"https:\/\/prosecuciones.faeusach.cl\/index.php\/wp-json\/wp\/v2\/pages\/210\/revisions"}],"predecessor-version":[{"id":432,"href":"https:\/\/prosecuciones.faeusach.cl\/index.php\/wp-json\/wp\/v2\/pages\/210\/revisions\/432"}],"wp:attachment":[{"href":"https:\/\/prosecuciones.faeusach.cl\/index.php\/wp-json\/wp\/v2\/media?parent=210"}],"curies":[{"name":"wp","href":"https:\/\/api.w.org\/{rel}","templated":true}]}}

Administración Pública

<p>[et_pb_section fb_built=»1&#8243; _builder_version=»4.27.4&#8243; _module_preset=»default» background_image=»https://prosecuciones.faeusach.cl/wp-content/uploads/2025/09/opcion-fondo.jpg» global_colors_info=»{}»][et_pb_row column_structure=»1_2,1_2&#8243; _builder_version=»4.27.4&#8243; _module_preset=»default» custom_margin=»||||false|false» global_colors_info=»{}»][et_pb_column type=»1_2&#8243; _builder_version=»4.27.4&#8243; _module_preset=»default» global_colors_info=»{}»][et_pb_text _builder_version=»4.27.4&#8243; _module_preset=»default» text_text_color=»#FFFFFF» header_text_align=»left» header_text_color=»#FFFFFF» header_2_text_color=»#FFFFFF» header_3_text_color=»#FFFFFF» text_orientation=»justified» custom_css_free_form=».semestre {||  display:flex;||  background:#EC8327;||  border-radius: 100px;||  justify-content:center;||  height:35px;||  width:220px;||  margin: 15px 0px 30px 0px;||  padding-top:5px;||}» global_colors_info=»{}»]</p>
<h3><span style="text-decoration: underline;">Prosecución de estudios FAE USACH</span></h3>
<p><span style="text-decoration: underline;"></span></p>
<h1><strong>ADMINISTRACIÓN PÚBLICA</strong></h1>
<p class="semestre" style="text-align: center;">1° Semestre 2027</p>
<hr />
<h2><strong></strong></h2>
<h2><strong>Prosecución de Estudios</strong></h2>
<p>La carrera de Administración Pública se centra en el diseño, implementación y evaluación de políticas y programas públicos.</p>
<ul>
<li><strong>Habilidades:</strong> Solución de problemas sociales, liderazgo, facilidad para trabajar en equipo, técnicas básicas de investigación y gestión efectiva y eficiente de los recursos públicos.</li>
<li><strong>Campo laboral:</strong> Servicios públicos de nivel nacional y descentralizado, municipios, servicio exterior, instituciones públicas, organismos del tercer sector y organizaciones privadas que presten servicios de interés público. Asesoría o consultoría en la toma de decisiones políticas e inclusive trabajar en pedagogía de instituciones públicas y privadas.</li>
</ul>
<h2><strong>Requisitos de Ingreso</strong></h2>
<p>Personas que presenten una de las siguientes condiciones:</p>
<ul>
<li>Título Técnico en áreas afines, equivalentes a una formación de 1600 horas.</li>
<li>Estudios profesionales con estudios incompletos equivalentes a 150 SCT.</li>
<li>Título profesional con o sin Licenciatura de al menos 180 SCT</li>
</ul>
<p>En el caso de personas que presenten título profesional en áreas disciplinares afines a la de la carrera, el comité de carrera evaluará la pertinencia de la convalidación de asignaturas en caso de que su equivalencia con el presente plan pueda ser corroborada.</p>
<p>[/et_pb_text][et_pb_code _builder_version=»4.27.4&#8243; _module_preset=»default» global_colors_info=»{}»]</p>
<div id="nombre-carrera" style="display:none;">Administración Pública</div>
<p>[/et_pb_code][/et_pb_column][et_pb_column type=»1_2&#8243; _builder_version=»4.27.4&#8243; _module_preset=»default» global_colors_info=»{}»][et_pb_code _builder_version=»4.27.4&#8243; _module_preset=»default» custom_margin=»|0px|||false|false» custom_css_free_form=».title-form {||  text-align:center;||  background:rgb(57,64,73);||  color: white;||  border-radius: 20px 20px 0px 0px;||  padding: 12px;||}» global_colors_info=»{}»]<script src="https://js.hsforms.net/forms/embed/5395956.js" defer></script><!-- [et_pb_line_break_holder] --></p>
<div class="hs-form-frame" data-region="na1" data-form-id="8906372d-c40a-4d2b-9814-e2c90576a51c" data-portal-id="5395956"></div>
<p>[/et_pb_code][et_pb_text _builder_version=»4.27.4&#8243; _module_preset=»default» header_3_text_align=»center» header_3_text_color=»#FFFFFF» text_orientation=»center» custom_padding=»10px|10px|10px|10px|false|false» link_option_url=»https://web.whatsapp.com/send?phone=56982306793&#8243; link_option_url_new_window=»on» border_radii=»on|10px|10px|10px|10px» border_width_all=»1px» border_color_all=»#FFFFFF» global_colors_info=»{}»]</p>
<p><img loading="lazy" decoding="async" src="https://prosecuciones.faeusach.cl/wp-content/uploads/2025/06/whatsapp-brands.svg" width="56" height="64" alt="" class="wp-image-197 alignnone size-medium" /></p>
<h3>¡También puedes escribirnos un mensaje!</h3>
<h3><strong><span style="text-decoration: underline;">Haz click aquí</span></strong></h3>
<p>[/et_pb_text][/et_pb_column][/et_pb_row][et_pb_row _builder_version=»4.27.4&#8243; _module_preset=»default» global_colors_info=»{}»][et_pb_column type=»4_4&#8243; _builder_version=»4.27.4&#8243; _module_preset=»default» global_colors_info=»{}»][et_pb_text _builder_version=»4.27.4&#8243; _module_preset=»default» header_2_text_align=»center» header_2_text_color=»#FFFFFF» header_2_font_size=»30px» global_colors_info=»{}»]</p>
<hr />
<h2><strong></strong></h2>
<h2><strong>Conoce todas nuestras Prosecuciones</strong></h2>
<p>[/et_pb_text][/et_pb_column][/et_pb_row][et_pb_row column_structure=»1_3,1_3,1_3&#8243; _builder_version=»4.27.4&#8243; _module_preset=»default» global_colors_info=»{}»][et_pb_column type=»1_3&#8243; _builder_version=»4.27.4&#8243; _module_preset=»default» global_colors_info=»{}»][et_pb_button button_url=»@ET-DC@eyJkeW5hbWljIjp0cnVlLCJjb250ZW50IjoicG9zdF9saW5rX3VybF9wYWdlIiwic2V0dGluZ3MiOnsicG9zdF9pZCI6IjIyNSJ9fQ==@» button_text=»Ingeniería Comercial en Administración de Empresas» button_alignment=»center» module_class=»mi-boton-centrado» _builder_version=»4.27.4&#8243; _dynamic_attributes=»button_url» _module_preset=»default» custom_button=»on» button_text_size=»20px» button_text_color=»#FFFFFF» button_bg_color=»#EA7600&#8243; button_border_width=»0px» button_border_color=»#ea841e» button_border_radius=»5px» button_use_icon=»off» background_layout=»dark» custom_margin=»5px|5px|5px|5px|false|false» custom_padding=»15px|15px|15px|15px|false|false» button_border_color_tablet=»#ea841e» button_border_color_phone=»#ea841e» button_border_color_last_edited=»on|desktop» custom_css_free_form=»||selector {||  display: flex !important;||  justify-content: center !important;||  align-items: center !important;||  height:100px; ||}» global_colors_info=»{}» button_text_color__hover=»#FFFFFF» button_text_color__hover_enabled=»on|hover» button_bg_color__hover=»#9e5900&#8243; button_bg_color__hover_enabled=»on|hover» button_border_color__hover=»#EA7600&#8243; button_border_color__hover_enabled=»on|hover»][/et_pb_button][/et_pb_column][et_pb_column type=»1_3&#8243; _builder_version=»4.27.4&#8243; _module_preset=»default» global_colors_info=»{}»][et_pb_button button_url=»@ET-DC@eyJkeW5hbWljIjp0cnVlLCJjb250ZW50IjoicG9zdF9saW5rX3VybF9wYWdlIiwic2V0dGluZ3MiOnsicG9zdF9pZCI6IjEyNCJ9fQ==@» button_text=»Contador Público y Auditor» button_alignment=»center» module_class=»mi-boton-centrado» _builder_version=»4.27.4&#8243; _dynamic_attributes=»button_url» _module_preset=»default» custom_button=»on» button_text_size=»20px» button_text_color=»#FFFFFF» button_bg_color=»#EA7600&#8243; button_border_width=»0px» button_border_color=»#ea841e» button_border_radius=»5px» button_use_icon=»off» background_layout=»dark» custom_margin=»5px|5px|5px|5px|false|false» custom_padding=»15px|15px|15px|15px|false|false» button_border_color_tablet=»#ea841e» button_border_color_phone=»#ea841e» button_border_color_last_edited=»on|desktop» custom_css_free_form=»||selector {||  display: flex !important;||  justify-content: center !important;||  align-items: center !important;||  height:100px; ||}» global_colors_info=»{}» button_border_color__hover_enabled=»on|hover» button_border_color__hover=»#EA7600&#8243; button_bg_color__hover_enabled=»on|hover» button_bg_color__hover=»#9e5900&#8243; button_bg_enable_color__hover=»on» button_text_color__hover_enabled=»on|hover» button_text_color__hover=»#FFFFFF»][/et_pb_button][/et_pb_column][et_pb_column type=»1_3&#8243; _builder_version=»4.27.4&#8243; _module_preset=»default» global_colors_info=»{}»][et_pb_button button_url=»@ET-DC@eyJkeW5hbWljIjp0cnVlLCJjb250ZW50IjoicG9zdF9saW5rX3VybF9wYWdlIiwic2V0dGluZ3MiOnsicG9zdF9pZCI6IjIxOSJ9fQ==@» button_text=»Ingeniería Comercial en Economía» button_alignment=»center» module_class=»mi-boton-centrado» _builder_version=»4.27.4&#8243; _dynamic_attributes=»button_url» _module_preset=»default» custom_button=»on» button_text_size=»20px» button_text_color=»#FFFFFF» button_bg_color=»#EA7600&#8243; button_border_width=»0px» button_border_color=»#ea841e» button_border_radius=»5px» button_use_icon=»off» background_layout=»dark» custom_margin=»5px|5px|5px|5px|false|false» custom_padding=»15px|15px|15px|15px|false|false» button_border_color_tablet=»#ea841e» button_border_color_phone=»#ea841e» button_border_color_last_edited=»on|desktop» custom_css_free_form=»||selector {||  display: flex !important;||  justify-content: center !important;||  align-items: center !important;||  height:100px; ||}» global_colors_info=»{}» button_text_color__hover=»#FFFFFF» button_text_color__hover_enabled=»on|hover» button_bg_color__hover=»#9e5900&#8243; button_bg_color__hover_enabled=»on|hover» button_border_color__hover=»#EA7600&#8243; button_border_color__hover_enabled=»on|hover»][/et_pb_button][/et_pb_column][/et_pb_row][/et_pb_section]</p>

<p>Prosecución de estudios FAE USACH ADMINISTRACIÓN PÚBLICA 1° Semestre 2027 Prosecución de Estudios La carrera de Administración Pública se centra en el diseño, implementación y evaluación de políticas y programas públicos. Habilidades: Solución de problemas sociales, liderazgo, facilidad para trabajar en equipo, técnicas básicas de investigación y gestión efectiva y eficiente de los recursos públicos. [&hellip;]</p>
